= -11*c**2 - 38*c + 2. Let f(x) = 5*x**2 + 17*x - 1. Let i(w) = -13*f(w) - 6*o(w). Calculate i(z).
-5
Let z(c) be the third derivative of c**6/360 - c**5/30 - c**4/12 + c**3/6 - 2*c**2. Let i(h) be the first derivative of z(h). Calculate i(5).
3
Let k = -18 + 13. Let b(n) = -n**3 + n**2 - n + 1. Let s(c) = -7*c**3 - 12*c + 7. Let o(i) = -6*b(i) + s(i). What is o(k)?
6
Let l(z) = -4*z - 5*z**2 + 3 - z**3 + z + 0*z**2. Let y(w) = w**3 - 4*w**2 + 2*w + 1. Let h be y(2). What is l(h)?
-6
Let w(k) = -3*k - 1. Let m = 4 - -1. Suppose z + 8 = m*z. Give w(z).
-7
Let t(m) be the second derivative of -m**5/20 + m**4/6 + 7*m**3/6 - 5*m**2/2 - 9*m. What is t(4)?
-9
Let p(b) = b**2 - 11*b + 6. Let y be p(10). Let g(z) = z**2 + 4*z - 5. Give g(y).
-5
Let l be -2*(-1 - -2) - -2. Let r(w) = -4*w**3 + 4*w**2 + 2*w + 12. Let v(g) = 3*g**3 - 3*g**2 - g - 11. Let b(t) = 2*r(t) + 3*v(t). What is b(l)?
-9
Suppose -2 - 38 = -5*k. Suppose 2*n - 6*n - k = 0. Let d(i) = i**3 + i**2 + 2. What is d(n)?
-2
Let i(w) = -w. Let d(v) = 2. Let n(r) = d(r) + 2*i(r). Let a be (-26)/(-91) + 6*22/28. Calculate n(a).
-8
Let v(r) = r - 2*r**3 - r**2 - 1 + 2 - r**3. Let h be (-21)/(-7)*1/(-3). Give v(h).
2
Let h(w) = -w**2 + 4*w + 2. Let k(l) = l**3 + 3*l**2 - 3*l + 3. Let r be k(-4). Let x = 1 - r. Suppose 5*a + x = 22. Give h(a).
2
Suppose 0*c - 4*c = 8. Let b(x) be the third derivative of -x**6/120 - x**5/60 + x**4/12 + x**3/6 - 2*x**2. What is b(c)?
1
Let i(p) = -p**2 - 3*p - 3. Let a(j) = 2*j - 2. Let w be a(2). Suppose 0 = -w*c + 6*c + 8. Give i(c).
-1
Let a(u) = -3*u**2 - u + 4. Let o(j) = -7*j**2 - j + 9. Let x(m) = -5*a(m) + 2*o(m). Determine x(2).
8
Let j(u) = -11*u**3 + u**2 + 5*u - 2. Let b(t) = -t**3 + t - 1. Let m(c) = 3*b(c) - j(c). Let o(h) = h**2 - 1. Let s be o(0). Determine m(s).
-8
Let t(i) = 3*i - 3. Let c be (-3)/(-12)*4*3. Determine t(c).
6
Suppose -2*h + 0*h = 3*w - 8, 5*h - 20 = 0. Let m(r) = r**2 + 2. Calculate m(w).
2
Let s(a) = -a - 5. Let d be s(-6). Let l(n) = 1 + 0 - 4*n - n**3 - 2*n**2 + 2*n + 3*n**2. Calculate l(d).
-1
Let i(c) = 5*c**2 - 4*c + 49 - 44 + 0*c**2 - c**3. What is i(5)?
-15
Let q(w) = -15*w - 4. Let a(j) = 16*j + 3. Let z(x) = 5*a(x) + 4*q(x). Determine z(1).
19
Let k(u) be the second derivative of -u**4/12 - u**2/2 - 4*u. Suppose -2*f = 2*p + 14, 4*p - 10 = -2*f - 28. Let z be 1/(-2)*2 - p. Give k(z).
-2
Let r(j) be the first derivative of -j**5/60 - j**4/24 + 2*j**3/3 + 3. Let u(f) be the third derivative of r(f). Calculate u(-2).
3
Let m(g) = -g**3 + 5*g**2 - 5*g + 4. Let j be (-2)/(-2) + 0 + 2. Let s be (2/j)/((-1)/(-6)). Let k be m(s). Let n(w) = -w**3 + w**2 + 1. Calculate n(k).
1
Suppose 0 = -3*y + 7*y - 48. Suppose -2*z = -y + 2. Let l(m) = -m**2 - m**2 - 5 + 5*m + m**2. Calculate l(z).
-5
Let f(q) = -q**2 - q - 1. Let j(b) = -b**2 + 5*b + 4. Let h(r) = f(r) + j(r). Suppose -2*x = -0*u + 2*u + 14, x = -3*u - 11. Determine h(u).
-13
Suppose -5 = f + 3*b, 13 = -2*f - 4*b + 1. Let z(c) = -c**2 - 9*c - 6. Give z(f).
2
Let z = 26 - 26. Suppose -b - b = z. Let w(i) = i - 5. Give w(b).
-5
Let c(n) = -n**2 - 5*n + 8. Let m = -18 + 25. Let h be m + -16 + 0 + 3. Determine c(h).
2
Let b(f) = 0 + 7*f + 0 + 0*f. Let x(t) = t**3 + 5*t**2 - t - 2. Let d be x(-5). Suppose d*y = -0 + 3. Give b(y).
7
Let q(z) = -z - 1. Let r(u) = -3*u - 5. Let d(x) = 9*q(x) - 2*r(x). Calculate d(-4).
13
Let y = -8 + 12. Suppose -r = -y - 2. Let f(m) = m - 3. What is f(r)?
3
Let q(o) = 5*o**3 - 4*o**2 + 3*o + 3. Let j(u) = 11*u**3 - 9*u**2 + 7*u + 7. Let r(t) = -3*j(t) + 7*q(t). Calculate r(-1).
-3
Let a(h) be the second derivative of h**5/20 + 2*h**2 + 38*h. Give a(0).
4
Suppose 5*p - 2*t - 30 = 0, 24 = 4*p - 0*p + 5*t. Let s be 4/(-12)*(p + -3). Let j(n) = 6*n. Determine j(s).
-6
Let c(q) = -4*q + 8. Let s(h) = -11*h + 24. Let y(l) = -8*c(l) + 3*s(l). Calculate y(6).
2
Let r = -2 - -7. Suppose 0 = -0*c - c + r. Let p(o) = o**3 + 0*o + c*o**2 + 0*o - 2 + 5*o. Calculate p(-4).
-6
Let n(d) = -3 + d**2 + 2*d**3 - d**3 - 6*d**2. Let h(c) = -c + 13. Let z = -7 + 15. Let x be h(z). Calculate n(x).
-3
Let q(b) be the first derivative of -1/2*b**2 + 10*b + 3. Let z be q(5). Let l(m) = -m + 2. Determine l(z).
-3
Let z(j) = -9*j**2 + 7*j + 8. Let f(q) = -7*q**2 + 7*q + 8. Let a(s) = 5*f(s) - 4*z(s). Determine a(-7).
8
Suppose -8*q + 7*q + 6 = 0. Let m(g) = g**3 - 5*g**2 - 6*g - 7. Determine m(q).
-7
Let u(n) = -5*n. Suppose 0 = -2*x + 6, 0*x - 1 = 2*w - x. Let d be u(w). Let y(q) = -3*q - 4*q - 1 - q - q**2 + 2*q. Determine y(d).
4
Let t(m) = -28 - 7*m**2 + 27 - 2*m + 4*m. Let f = 1 - 0. Calculate t(f).
-6
Let q(x) be the second derivative of -x**4/6 - 5*x**3/6 + x**2 + 30*x. Determine q(-5).
-23
Let b(j) be the first derivative of 2*j**2 - 1. Suppose 0*y + 3*y = 12. Let n be (1 - 1) + (-8)/y. What is b(n)?
-8
Let c(n) = -n**3 + 5*n**2 - 2*n. Let p(x) = -x - 9. Let m be p(-14). Calculate c(m).
-10
Let y(v) be the third derivative of 0*v + 0 - 1/40*v**6 + 0*v**3 - v**2 - 1/24*v**4 + 1/60*v**5. What is y(1)?
-3
Let b = -15 + 15. Let n(t) be the second derivative of b - 2*t - 1/2*t**3 + 2*t**2 - 1/12*t**4. Give n(-5).
-6
Let x(w) = 21*w**3 - 2*w**2 - 3*w. Let o(n) = -22*n**3 + 3*n**2 + 4*n. Let h(b) = 3*o(b) + 4*x(b). What is h(1)?
19
Let c(y) = 2*y + y + 226 - 226. Determine c(-1).
-3
Let c(h) = h**3 - 5*h**2 + 4*h + 1. Let u = 26 - 23. Determine c(u).
-5
Let a(r) be the second derivative of -r**5/20 + r**4/2 - 4*r**3/3 + 3*r**2/2 + 48*r. What is a(5)?
-12
Let p = 11 - 8. Suppose 0 = q - 2*b + 5, -3*b + p = -q - 5. Let c(x) = -2*x**3 - 3*x**3 + x**3 - q. Determine c(-1).
3
Let m(s) be the first derivative of -s**3/3 - 7*s**2/2 - 3*s - 5. Determine m(-6).
3
Let k(a) = -7 + 7*a + 12 + 0 - a**2. Determine k(7).
5
Suppose -5*b = -2*b - 3. Let l(a) = 4*a + 2*a**2 - 5 + 2 - a**2 + b. What is l(-5)?
3
Let i(t) = -4*t**3 + 2*t**2 - 7*t - 2. Let l be 4/3*15/10. Let k(r) = 3*r**3 - 3*r**2 + 6*r + 3. Let j(c) = l*i(c) + 3*k(c). Calculate j(4).
5
Let y(i) = -8*i. Let o be 3*1 + (3 - 1). Let g = -4 + o. Give y(g).
-8
Let j = -1 + 4. Let q(s) = j*s - 3*s - 2*s - 6 + 3*s. What is q(0)?
-6
Let d(q) = -7*q**3 - 2*q**2 - 14*q + 9. Let g(f) = -6*f**3 - 3*f**2 - 13*f + 9. Let s(b) = 5*d(b) - 6*g(b). Determine s(-7).
-16
Let v(c) = -c**3 - 6*c**2 - 6*c - 4. Let l(h) = 3*h**3 + 18*h**2 + 17*h + 12. Let z(d) = -6*l(d) - 17*v(d). What is z(-6)?
-4
Let i be (-18)/4*40/(-30). Let j(v) = 1 - 4*v**2 - v - v**2 - i*v**2 + 4*v**2. Give j(1).
-7
Let i(c) = -c**3 + 1. Let h be i(0). Let b be h/(2/8 + 0). Let n(m) = 3*m + 2 - 4*m + 3. Calculate n(b).
1
Let u(w) = -w + 6. Let h(i) = i - 3. Let l(a) = 5*h(a) + 2*u(a). Let p(d) = 4*d**2 + d. Let t be (-1)/1*(4 - 3). Let c be p(t). Determine l(c).
6
Let o be (20 - 17) + 118/(-40). Let h(u) be the second derivative of o*u**5 + 0*u**4 - u - u**2 + 0*u**3 + 0. Determine h(0).
-2
Let c(w) = -w**2 - w + 3. Let l be c(0). Suppose -x + 0*x = -3. Let i(n) = 1 + x*n**2 - 3 + 2*n**3 - 3*n**3. Calculate i(l).
-2
Let f(w) be the third derivative of -w**6/120 - w**5/30 + w**4/12 - 2*w**3/3 + w**2. Let i = -1 - -1. Suppose -3*m - 4 - 5 = i. Calculate f(m).
-1
Let y be 12/2 - (-6)/(-2). Let a(j) = -j**2 + 4*j - 1. What is a(y)?
2
Let d = 9 - 6. Let o(g) = -4*g - g**3 - 5*g**2 - 3 - d + 7. Determine o(-4).
1
Let h(d) = -d + 5. Let r(q) = q - 1. Let z(i) = -i**2 + 3*i + 10. Let a(b) = 2*r(b) + z(b). Let l be a(6). Suppose -2*k + l = 12. Calculate h(k).
10
Let m(g) = -2*g - 4. Let y = -2 - -3. Let k = y - 5. Determine m(k).
4
Suppose 2*n = -3*y + 9, 0*y + 4*y - 12 = -2*n. Let u be (4/(-10))/(y/(-30)). Let l(i) = 3*i**2 - 2 + 5*i - 4 + i - i**3. What is l(u)?
2
Let h(l) = -6*l**3 - 2*l**2 - l. Let m be ((-6)/(-12))/(2/32). Suppose -3*x = -t + m, 2*x + 0*x - 2*t + 12 = 0. Give h(x).
5
Suppose 13*m - 10*m = 15. Let a(v) = -m + 5 + v**2 - 4 - 2*v**2 + 4*v. Calculate a(4).
-4
Let c(q) = q**3 - 4*q**2 - q - 2. Suppose -2*l + 28 = -4*a, 2*l = -0*a - 5*a - 17. Determine c(l).
-6
Let b(s) = s**2 - s - 2. Let k = -15 + 8. Let t be 14/k*1*-1. Let f = -2 + t. What is b(f)?
-2
Let d(k) = k - 8. Let z be d(7). Let y(c) = 7*c**2 - 4*c + 5*c + 4*c - 3*c + 1. What is y(z)?
6
Let p(b) = b + 16. Let l be (2 + (-20)/8)*0. Determine p(l).
16
Let f(p) = -4*p**3 + 9*p**2 - 6*p + 5. Let j(b) = b**3 